
Let l(r) be the second derivative of r**5/20 + r**4/3 + r**3/3 - 3*r**2/2 - 2*r. Let g be l(-3). Is 5 a factor of g + (0 + 1)*9?
False
Suppose 2*h + 517 = 531. Does 7 divide h?
True
Suppose 5*i = -d - 30, 0*i - 5*d - 10 = 5*i. Let k = 21 + i. Is 7 a factor of k?
True
Suppose 120 = -w + 6*w. Does 9 divide w?
False
Suppose 5*r = f + 30, 2*r = 3*f + 2*f + 35. Suppose -635 = -0*i + r*i + 5*s, -4*i + 2*s = 490. Let j = 178 + i. Does 14 divide j?
False
Let b(w) = w**3 - 11*w**2 - 3*w. Let l be b(12). Suppose -5*i + t = -l, -3*i + 0*i + 66 = -t. Is 7 a factor of i?
True
Suppose 0 = -5*p - 0*p - 50. Is 3 - 5/(p/32) a multiple of 19?
True
Let s = -16 - -23. Suppose s*w - 6*w = 29. Is w a multiple of 6?
False
Suppose -4*n + 1103 = -u, -2*n + 3*u + 570 = 21. Does 12 divide n?
True
Let y(p) = -p**2 + 14*p - 3. Let d = -21 + 34. Does 7 divide y(d)?
False
Is 21 a factor of 4380/105 - 2/(-7)?
True
Let j = -10 + 4. Let b = 6 - j. Is 4 a factor of b?
True
Let j(n) = n**2 - 8*n - 3. Let l be j(9). Let a(v) = v**2 - 4*v - 6. Let t be a(l). Suppose 2*o - t*o = -5*q + 85, -q - 5*o - 12 = 0. Is 13 a factor of q?
True
Let m(t) = -t - 5. Let f be m(-5). Let o(j) = 2*j + 17 - 3 - j. Is 7 a factor of o(f)?
True
Let r = 68 + -36. Let d = r - 15. Is d a multiple of 4?
False
Suppose -2*a + 22 = 2*a + 2*z, -z = -5*a + 10. Is (-11)/((-11)/30) + a a multiple of 14?
False
Let d be (-5 - -9)*39/2. Suppose 0*x - d = -3*w + 3*x, 4*w + 3*x - 125 = 0. Is w a multiple of 18?
False
Let h(n) = 13*n - 8. Let q be h(6). Suppose -5*f = 2*a - 4*a - 21, -f = -a - 3. Suppose q = 7*y - a*y. Does 14 divide y?
True
Does 4 divide 63/4 + 3/12?
True
Suppose -2*p = -g + 5, -2*p - 10 = -2*g - p. Suppose -5*a + g*d = -2*a - 25, -a = -d - 7. Is a even?
False
Let l = 4 - 2. Suppose 51 = l*q - 3*c, 2*c + 139 = 5*q + 6*c. Does 11 divide q?
False
Let g(a) = -a**3 + 4*a**2 + a + 3. Let c be g(6). Is 3 a factor of 18/c - (-65)/7?
True
Let m be (-180)/10 - -3*1. Let l = 26 + m. Let c(s) = s**2 - 11*s + 16. Is c(l) a multiple of 16?
True
Suppose -214 = p - 3*p. Let w = p + -49. Is w a multiple of 17?
False
Suppose 0 = 4*j + i - 195, -j + 120 = j - 4*i. Is j a multiple of 10?
True
Let z(j) = j + 1. Let t(m) = 77*m**3 - 6*m - 7. Let u(g) = -t(g) - 6*z(g). Is u(-1) a multiple of 26?
True
Let t(d) = d**2 + 10*d + 12. Let h be t(-8). Let o be h/(3/((-3)/2)). Suppose -2*j + 76 = -o*n, -59 = 3*j + 5*n - 157. Is j a multiple of 10?
False
Suppose -4*k + 641 - 161 = 0. Is k a multiple of 15?
True
Let f = 121 + -85. Is 10 a factor of f?
False
Let d(y) = y - 1 - 2 + 0 + 6. Is d(3) a multiple of 2?
True
Suppose 4*o - 5*j = 243, o = -2*o - j + 168. Is 19 a factor of o?
True
Let r = -6 - 1. Let q(z) = -2*z - 10. Does 4 divide q(r)?
True
Let n = -6 + 3. Is 7 a factor of -2 - 1*33/n?
False
Let u(h) = h**2 + 8*h + 4. Let w be u(-8). Let t(x) = w*x + x + 11 - 4*x. Is 9 a factor of t(8)?
False
Is 7 a factor of 0 - -26*(2 + -1)?
False
Suppose -2*x - 5*l = 142, 2*x - 5*l + 0 = -122. Let g = -38 - x. Is g a multiple of 16?
False
Let y(j) = j**3 + 12*j**2 + 21*j + 13. Does 23 divide y(-9)?
False
Let s = -23 + 12. Let p = s + 18. Suppose p*q = 3*q + 36. Does 4 divide q?
False
Let y = 56 + -4. Does 13 divide y?
True
Suppose 2*o - 89 = -j, j = 2*o - o - 43. Does 22 divide o?
True
Suppose 0*r = -3*r + 99. Suppose 11 = -f + r. Does 18 divide f?
False
Suppose -4*q + 86 = -34. Let b = q - 0. Is 6 a factor of b?
True
Let s = 5 - 3. Suppose -r = -q + s*r + 17, 2*q - r - 24 = 0. Suppose t + q = 3*c - 9, -4*c = -3*t - 30. Is c a multiple of 3?
True
Suppose 4*y + 3*t + 78 = 7*y, -2*y - 2*t + 68 = 0. Is y a multiple of 14?
False
Let b = 198 + -81. Is 26 a factor of b?
False
Suppose 0 = 3*a + 2*f, -2*a - 12 + 1 = 5*f. Suppose a*r = -4*g + 240, r + 4*r - 10 = 0. Is g a multiple of 15?
False
Let o = -47 + 165. Suppose -4*u = -k - o, -5*k = 4*u - 0*k - 106. Does 9 divide u?
False
Let o = 66 - 134. Let x = -44 - o. Is x a multiple of 12?
True
Let w = 91 + -53. Is w a multiple of 32?
False
Let m(d) be the second derivative of d**4/12 + 3*d**3/2 - 7*d**2 - 2*d. Let u be m(-10). Is 17 a factor of 70/4 + 2/u?
True
Let a(p) = 8*p + 30. Is 25 a factor of a(15)?
True
Suppose -3*f = 4*d - 9*d + 273, -5*d - 5*f + 265 = 0. Is 20 a factor of d?
False
Let l = 46 + 39. Does 27 divide l?
False
Let a(j) = -j**2 - j - 1. Let m(k) be the first derivative of k**4/4 - 3*k**3 + 2*k**2 + 6*k - 2. Let h(l) = -2*a(l) + m(l). Does 6 divide h(6)?
False
Let m be 2*7/5*15. Suppose 3*f - m = -0*f. Suppose -4*v - f = -142. Is v a multiple of 16?
True
Suppose 5*w - 243 = 3*i, -4*w - 3*i = -8*w + 195. Let v = -22 + w. Does 16 divide v?
False
Let w(o) = 2*o**3 - 2*o**2 - 2*o - 4. Is 11 a factor of w(3)?
False
Let j = 5 - 1. Let f be 0 + j/2 - 4. Let x = 18 + f. Is 16 a factor of x?
True
Let f = -6 + 8. Let m = -1 + f. Suppose -5*s + 9 + m = 0, 2*s - 32 = -t. Is t a multiple of 14?
True
Suppose -2*u = -4*y + 322, -5*u + 2*u - 234 = -3*y. Is y a multiple of 14?
False
Let o(d) = -4*d + 1. Let p be (25/(-10))/((-2)/(-4)). Let x be o(p). Does 6 divide 0 + 2 - x*-1?
False
Suppose -3*u = -6 - 18. Does 4 divide u?
True
Let f = -9 + 16. Suppose 4*q + 2*i = 12, q + 5*i - 1 = -f. Is 4 a factor of q?
True
Is 14 a factor of 15/(-9) + 2 - 8218/(-42)?
True
Let w(c) = -c**2 + 2*c + 138. Is 23 a factor of w(0)?
True
Is 8 a factor of 2 + 25 - 2 - -3?
False
Suppose 0*w - 1 = w, 3*s - 25 = -5*w. Suppose 0 = -2*y + 6, 0 = n - 5*y + s. Suppose 5*t + 2*q = -2*q + 110, n*q = 25. Does 12 divide t?
False
Let s = -15 + 24. Suppose -b = 5*y - 4*y - s, 21 = 3*b - 3*y. Does 3 divide b?
False
Suppose 4*s - 5*i - 37 = 0, 0 = 4*s - 7*s + 2*i + 26. Suppose -3*f = 3*d + 24, -s = 2*f + 3*d + 4. Let k = 7 - f. Is 10 a factor of k?
False
Let k(v) = -9*v**3 + v**2. Let q be k(-1). Suppose -5*o + 0*i + q = -2*i, -2 = -o - 5*i. Does 2 divide o?
True
Let u(y) = -2*y**3 - 2*y**2 + 2*y - 2. Let s be u(-3). Suppose -3*k + s + 89 = 0. Is 13 a factor of k?
True
Let l(m) = 8*m - 10. Let r be l(10). Suppose 0 = 2*t + 3*t - r. Is 8 a factor of t?
False
Let q(m) = 2*m**2 + 10*m - 13. Is 17 a factor of q(-11)?
True
Let p(w) = w**2 + 7*w + 4. Let y be p(-7). Does 9 divide 12 - (-2 + (y - -1))?
True
Suppose -k - o - 3*o = -55, 5*k - 360 = -3*o. Suppose 3*u = -0*u + k. Is 25 a factor of u?
True
Let b be 4/3 + 8/12. Suppose -4*s + 122 = 3*i, -3*s + b*i = s - 112. Is s a multiple of 11?
False
Let f(m) be the second derivative of m**4/6 + m**2/2 + m. Does 4 divide f(2)?
False
Let p be 5/2*(-32)/(-20). Is 8 a factor of 4 - (-5)/(5/p)?
True
Let j = 2 - -2. Does 2 divide j?
True
Let k = -2 + 5. Suppose -2*h + 48 = -h - r, 5*h + k*r = 264. Is h a multiple of 19?
False
Let w = -11 - -16. Let u = -9 - -145. Suppose 0*j - 3*s - u = -4*j, j - 51 = w*s. Does 14 divide j?
False
Does 19 divide (-2*19)/((-20)/30)?
True
Let t = -63 + 255. Is t a multiple of 32?
True
Suppose q - 4*h + 11 + 0 = 0, 2 = -2*q + 3*h. Suppose 5*c - 47 = r, q*c - 35 = 2*r + 9. Is 8 a factor of c?
False
Suppose -s = 4*o - 9*o + 182, 2*s - 43 = -o. Does 10 divide o?
False
Suppose 553 - 91 = 6*l. Does 12 divide l?
False
Let p = 4 - -1. Let n(q) = -5*q - 10*q + p*q. Is 10 a factor of n(-2)?
True
Suppose -28*c + 3740 = -11*c. Is c a multiple of 22?
True
Suppose -3*u + 750 - 150 = 0. Is u a multiple of 25?
True
Let g(r) = 49*r - 64. Is g(5) a multiple of 15?
False
Suppose -4*l = -3*l, 5*r = 3*l. Let w = -6 - r. Let i(p) = -p**2 - 11*p + 2. Does 16 divide i(w)?
True
Let b(p) = 60*p**2 - p - 1. Let s be b(-1). Suppose -3*r + 6 = -s. Does 11 divide r?
True
Suppose 0 = 5*a - 3*w - 14, -w = -0*a + 2*a - 10. Suppose -k - 30 = -2*v, -3*v = -v - a*k - 42. Is 13 a factor of v?
True
Suppose 2*j = -2*c + j - 48, 0 = -4*c + 4*j - 120. Let l = c + 54. Is l a multiple of 10?
False
Suppose 0 = -3*z - 2*q + 65, -z + 3 = -3*q - 4. Let r = z - -3. Does 22 divide r?
True
Let j be 0*(15/(-6) + 2). Suppose 25 = 5*v - 0*o + 3*o, -5*o = -5*v - 15. Suppose -v*c = -j*c - 26. Does 8 divide c?
False
Let j(t) = -t**3 - 6*t**2 + 5*t - 10. Let q be j(-7). Suppose -3*a - 5*u = -27, -3*u - 37 = -q*a + 2*a. Is a a multiple of 14?
True
Suppose -7 = -2*k + 73. Is k a multiple of 8?
True
Suppose 9*p - 131 = 139. Does 6 divide p?
True
Let r = -8 - -14. Let f = r + -4. Suppose 3*j - m = 84, -4*m + 36 = f*j - 34